{"id":4211,"date":"2025-08-08T15:10:26","date_gmt":"2025-08-08T12:10:26","guid":{"rendered":"https:\/\/rehaira.com\/faq-items\/cual-es-el-tiempo-de-recuperacion-tras-un-trasplante-fue-zafiro\/"},"modified":"2025-08-08T15:10:26","modified_gmt":"2025-08-08T12:10:26","slug":"cual-es-el-tiempo-de-recuperacion-tras-un-trasplante-fue-zafiro","status":"publish","type":"avada_faq","link":"https:\/\/rehaira.com\/es\/faq-items\/cual-es-el-tiempo-de-recuperacion-tras-un-trasplante-fue-zafiro\/","title":{"rendered":"\u00bfCu\u00e1l es el tiempo de recuperaci\u00f3n tras un trasplante FUE Zafiro?"},"content":{"rendered":"<p>La mayor\u00eda de los pacientes retoman sus actividades diarias ligeras en un plazo de 2 a 3 d\u00edas. La formaci\u00f3n de costras suele desaparecer en una semana, y la curaci\u00f3n es, por lo general, sencilla y c\u00f3moda. <\/p>\n","protected":false},"excerpt":{"rendered":"<p>La mayor\u00eda de los pacientes retoman sus actividades diarias ligeras  [&#8230;]<\/p>\n","protected":false},"author":1,"featured_media":0,"menu_order":0,"comment_status":"open","ping_status":"closed","template":"","format":"standard","meta":{"_acf_changed":false,"footnotes":""},"faq_category":[256,253],"class_list":["post-4211","avada_faq","type-avada_faq","status-publish","format-standard","hentry","faq_category-fue-zafiro-destacado","faq_category-trasplante-capilar-fue-zafiro"],"acf":[],"_links":{"self":[{"href":"https:\/\/rehaira.com\/es\/wp-json\/wp\/v2\/avada_faq\/4211","targetHints":{"allow":["GET"]}}],"collection":[{"href":"https:\/\/rehaira.com\/es\/wp-json\/wp\/v2\/avada_faq"}],"about":[{"href":"https:\/\/rehaira.com\/es\/wp-json\/wp\/v2\/types\/avada_faq"}],"author":[{"embeddable":true,"href":"https:\/\/rehaira.com\/es\/wp-json\/wp\/v2\/users\/1"}],"replies":[{"embeddable":true,"href":"https:\/\/rehaira.com\/es\/wp-json\/wp\/v2\/comments?post=4211"}],"version-history":[{"count":0,"href":"https:\/\/rehaira.com\/es\/wp-json\/wp\/v2\/avada_faq\/4211\/revisions"}],"wp:attachment":[{"href":"https:\/\/rehaira.com\/es\/wp-json\/wp\/v2\/media?parent=4211"}],"wp:term":[{"taxonomy":"faq_category","embeddable":true,"href":"https:\/\/rehaira.com\/es\/wp-json\/wp\/v2\/faq_category?post=4211"}],"curies":[{"name":"wp","href":"https:\/\/api.w.org\/{rel}","templated":true}]}}

¿Cuál es el tiempo de recuperación tras un trasplante FUE Zafiro?

<p>La mayoría de los pacientes retoman sus actividades diarias ligeras en un plazo de 2 a 3 días. La formación de costras suele desaparecer en una semana, y la curación es, por lo general, sencilla y cómoda. </p>

<p>La mayoría de los pacientes retoman sus actividades diarias ligeras  [&#8230;]</p>
