{"id":4305,"date":"2025-08-08T15:16:36","date_gmt":"2025-08-08T12:16:36","guid":{"rendered":"https:\/\/rehaira.com\/faq-items\/quel-est-le-temps-de-recuperation-pour-une-greffe-de-cheveux-feminine\/"},"modified":"2025-08-08T15:16:36","modified_gmt":"2025-08-08T12:16:36","slug":"quel-est-le-temps-de-recuperation-pour-une-greffe-de-cheveux-feminine","status":"publish","type":"avada_faq","link":"https:\/\/rehaira.com\/fr\/faq-items\/quel-est-le-temps-de-recuperation-pour-une-greffe-de-cheveux-feminine\/","title":{"rendered":"Quel est le temps de r\u00e9cup\u00e9ration pour une greffe de cheveux f\u00e9minine ?"},"content":{"rendered":"<p>La plupart des patientes reprennent leurs activit\u00e9s quotidiennes dans un d\u00e9lai de 1 \u00e0 2 jours. La formation de cro\u00fbtes se r\u00e9sout g\u00e9n\u00e9ralement au cours de la premi\u00e8re semaine. <\/p>\n","protected":false},"excerpt":{"rendered":"<p>La plupart des patientes reprennent leurs activit\u00e9s quotidiennes dans un  [&#8230;]<\/p>\n","protected":false},"author":1,"featured_media":0,"menu_order":0,"comment_status":"open","ping_status":"closed","template":"","format":"standard","meta":{"_acf_changed":false,"footnotes":""},"faq_category":[269],"class_list":["post-4305","avada_faq","type-avada_faq","status-publish","format-standard","hentry","faq_category-caracteristiques-de-la-greffe-de-cheveux-pour-femmes"],"acf":[],"_links":{"self":[{"href":"https:\/\/rehaira.com\/fr\/wp-json\/wp\/v2\/avada_faq\/4305","targetHints":{"allow":["GET"]}}],"collection":[{"href":"https:\/\/rehaira.com\/fr\/wp-json\/wp\/v2\/avada_faq"}],"about":[{"href":"https:\/\/rehaira.com\/fr\/wp-json\/wp\/v2\/types\/avada_faq"}],"author":[{"embeddable":true,"href":"https:\/\/rehaira.com\/fr\/wp-json\/wp\/v2\/users\/1"}],"replies":[{"embeddable":true,"href":"https:\/\/rehaira.com\/fr\/wp-json\/wp\/v2\/comments?post=4305"}],"version-history":[{"count":0,"href":"https:\/\/rehaira.com\/fr\/wp-json\/wp\/v2\/avada_faq\/4305\/revisions"}],"wp:attachment":[{"href":"https:\/\/rehaira.com\/fr\/wp-json\/wp\/v2\/media?parent=4305"}],"wp:term":[{"taxonomy":"faq_category","embeddable":true,"href":"https:\/\/rehaira.com\/fr\/wp-json\/wp\/v2\/faq_category?post=4305"}],"curies":[{"name":"wp","href":"https:\/\/api.w.org\/{rel}","templated":true}]}}

Quel est le temps de récupération pour une greffe de cheveux féminine ?

<p>La plupart des patientes reprennent leurs activités quotidiennes dans un délai de 1 à 2 jours. La formation de croûtes se résout généralement au cours de la première semaine. </p>

<p>La plupart des patientes reprennent leurs activités quotidiennes dans un  [&#8230;]</p>
