{"id":4604,"date":"2025-07-28T04:49:25","date_gmt":"2025-07-28T01:49:25","guid":{"rendered":"https:\/\/rehaira.com\/faq-items\/les-femmes-peuvent-elles-egalement-beneficier-dune-greffe-de-cheveux\/"},"modified":"2025-07-28T04:49:25","modified_gmt":"2025-07-28T01:49:25","slug":"les-femmes-peuvent-elles-egalement-beneficier-dune-greffe-de-cheveux","status":"publish","type":"avada_faq","link":"https:\/\/rehaira.com\/fr\/faq-items\/les-femmes-peuvent-elles-egalement-beneficier-dune-greffe-de-cheveux\/","title":{"rendered":"Les femmes peuvent-elles \u00e9galement b\u00e9n\u00e9ficier d&rsquo;une greffe de cheveux ?"},"content":{"rendered":"<p>Oui, de nombreuses femmes souffrent d&rsquo;amincissement capillaire ou de recul de la ligne frontale et b\u00e9n\u00e9ficient grandement de la transplantation capillaire. Nous proposons des options sans rasage et des plans personnalis\u00e9s pour les patientes. <\/p>\n","protected":false},"excerpt":{"rendered":"<p>Oui, de nombreuses femmes souffrent d&rsquo;amincissement capillaire ou de recul  [&#8230;]<\/p>\n","protected":false},"author":1,"featured_media":0,"menu_order":0,"comment_status":"closed","ping_status":"closed","template":"","format":"standard","meta":{"_acf_changed":false,"footnotes":""},"faq_category":[324],"class_list":["post-4604","avada_faq","type-avada_faq","status-publish","format-standard","hentry","faq_category-accueil-en-vedette"],"acf":[],"_links":{"self":[{"href":"https:\/\/rehaira.com\/fr\/wp-json\/wp\/v2\/avada_faq\/4604","targetHints":{"allow":["GET"]}}],"collection":[{"href":"https:\/\/rehaira.com\/fr\/wp-json\/wp\/v2\/avada_faq"}],"about":[{"href":"https:\/\/rehaira.com\/fr\/wp-json\/wp\/v2\/types\/avada_faq"}],"author":[{"embeddable":true,"href":"https:\/\/rehaira.com\/fr\/wp-json\/wp\/v2\/users\/1"}],"replies":[{"embeddable":true,"href":"https:\/\/rehaira.com\/fr\/wp-json\/wp\/v2\/comments?post=4604"}],"version-history":[{"count":0,"href":"https:\/\/rehaira.com\/fr\/wp-json\/wp\/v2\/avada_faq\/4604\/revisions"}],"wp:attachment":[{"href":"https:\/\/rehaira.com\/fr\/wp-json\/wp\/v2\/media?parent=4604"}],"wp:term":[{"taxonomy":"faq_category","embeddable":true,"href":"https:\/\/rehaira.com\/fr\/wp-json\/wp\/v2\/faq_category?post=4604"}],"curies":[{"name":"wp","href":"https:\/\/api.w.org\/{rel}","templated":true}]}}

Les femmes peuvent-elles également bénéficier d&rsquo;une greffe de cheveux ?

<p>Oui, de nombreuses femmes souffrent d&rsquo;amincissement capillaire ou de recul de la ligne frontale et bénéficient grandement de la transplantation capillaire. Nous proposons des options sans rasage et des plans personnalisés pour les patientes. </p>
