{"id":4648,"date":"2025-07-28T04:47:08","date_gmt":"2025-07-28T01:47:08","guid":{"rendered":"https:\/\/rehaira.com\/faq-items\/dois-je-me-raser-la-tete-avant-lintervention\/"},"modified":"2025-07-28T04:47:08","modified_gmt":"2025-07-28T01:47:08","slug":"dois-je-me-raser-la-tete-avant-lintervention","status":"publish","type":"avada_faq","link":"https:\/\/rehaira.com\/fr\/faq-items\/dois-je-me-raser-la-tete-avant-lintervention\/","title":{"rendered":"Dois-je me raser la t\u00eate avant l&rsquo;intervention ?"},"content":{"rendered":"<p>Pas toujours. Avec la <strong data-start=\"1327\" data-end=\"1341\">m\u00e9thode DHI<\/strong>, il est possible de r\u00e9aliser des greffes non ras\u00e9es ou partiellement ras\u00e9es, en particulier pour les patients qui pr\u00e9f\u00e8rent conserver leur coiffure actuelle. <\/p>\n","protected":false},"excerpt":{"rendered":"<p>Pas toujours. Avec la m\u00e9thode DHI, il est possible de  [&#8230;]<\/p>\n","protected":false},"author":1,"featured_media":0,"menu_order":0,"comment_status":"closed","ping_status":"closed","template":"","format":"standard","meta":{"_acf_changed":false,"footnotes":""},"faq_category":[324],"class_list":["post-4648","avada_faq","type-avada_faq","status-publish","format-standard","hentry","faq_category-accueil-en-vedette"],"acf":[],"_links":{"self":[{"href":"https:\/\/rehaira.com\/fr\/wp-json\/wp\/v2\/avada_faq\/4648","targetHints":{"allow":["GET"]}}],"collection":[{"href":"https:\/\/rehaira.com\/fr\/wp-json\/wp\/v2\/avada_faq"}],"about":[{"href":"https:\/\/rehaira.com\/fr\/wp-json\/wp\/v2\/types\/avada_faq"}],"author":[{"embeddable":true,"href":"https:\/\/rehaira.com\/fr\/wp-json\/wp\/v2\/users\/1"}],"replies":[{"embeddable":true,"href":"https:\/\/rehaira.com\/fr\/wp-json\/wp\/v2\/comments?post=4648"}],"version-history":[{"count":0,"href":"https:\/\/rehaira.com\/fr\/wp-json\/wp\/v2\/avada_faq\/4648\/revisions"}],"wp:attachment":[{"href":"https:\/\/rehaira.com\/fr\/wp-json\/wp\/v2\/media?parent=4648"}],"wp:term":[{"taxonomy":"faq_category","embeddable":true,"href":"https:\/\/rehaira.com\/fr\/wp-json\/wp\/v2\/faq_category?post=4648"}],"curies":[{"name":"wp","href":"https:\/\/api.w.org\/{rel}","templated":true}]}}

Dois-je me raser la tête avant l&rsquo;intervention ?

<p>Pas toujours. Avec la <strong data-start="1327" data-end="1341">méthode DHI</strong>, il est possible de réaliser des greffes non rasées ou partiellement rasées, en particulier pour les patients qui préfèrent conserver leur coiffure actuelle. </p>

<p>Pas toujours. Avec la méthode DHI, il est possible de  [&#8230;]</p>
