{"id":4176,"date":"2025-07-28T04:45:40","date_gmt":"2025-07-28T01:45:40","guid":{"rendered":"https:\/\/rehaira.com\/faq-items\/czy-przeszczep-wlosow-jest-trwaly\/"},"modified":"2025-07-28T04:45:40","modified_gmt":"2025-07-28T01:45:40","slug":"czy-przeszczep-wlosow-jest-trwaly","status":"publish","type":"avada_faq","link":"https:\/\/rehaira.com\/pl\/faq-items\/czy-przeszczep-wlosow-jest-trwaly\/","title":{"rendered":"Czy przeszczep w\u0142os\u00f3w jest trwa\u0142y?"},"content":{"rendered":"<p><strong data-start=\"479\" data-end=\"486\">Tak<\/strong>, mieszki w\u0142osowe u\u017cywane w zabiegu s\u0105 zazwyczaj pobierane z ty\u0142u g\u0142owy, obszaru genetycznie odpornego na wypadanie w\u0142os\u00f3w. Po wszczepieniu w\u0142osy te b\u0119d\u0105 rosn\u0105\u0107 naturalnie i w wi\u0119kszo\u015bci przypadk\u00f3w pozostan\u0105 na ca\u0142e \u017cycie. <\/p>\n","protected":false},"excerpt":{"rendered":"<p>Tak, mieszki w\u0142osowe u\u017cywane w zabiegu s\u0105 zazwyczaj pobierane z  [&#8230;]<\/p>\n","protected":false},"author":1,"featured_media":0,"menu_order":0,"comment_status":"closed","ping_status":"closed","template":"","format":"standard","meta":{"_acf_changed":false,"footnotes":""},"faq_category":[251],"class_list":["post-4176","avada_faq","type-avada_faq","status-publish","format-standard","hentry","faq_category-polecane-na-stronie-glownej"],"acf":[],"_links":{"self":[{"href":"https:\/\/rehaira.com\/pl\/wp-json\/wp\/v2\/avada_faq\/4176","targetHints":{"allow":["GET"]}}],"collection":[{"href":"https:\/\/rehaira.com\/pl\/wp-json\/wp\/v2\/avada_faq"}],"about":[{"href":"https:\/\/rehaira.com\/pl\/wp-json\/wp\/v2\/types\/avada_faq"}],"author":[{"embeddable":true,"href":"https:\/\/rehaira.com\/pl\/wp-json\/wp\/v2\/users\/1"}],"replies":[{"embeddable":true,"href":"https:\/\/rehaira.com\/pl\/wp-json\/wp\/v2\/comments?post=4176"}],"version-history":[{"count":0,"href":"https:\/\/rehaira.com\/pl\/wp-json\/wp\/v2\/avada_faq\/4176\/revisions"}],"wp:attachment":[{"href":"https:\/\/rehaira.com\/pl\/wp-json\/wp\/v2\/media?parent=4176"}],"wp:term":[{"taxonomy":"faq_category","embeddable":true,"href":"https:\/\/rehaira.com\/pl\/wp-json\/wp\/v2\/faq_category?post=4176"}],"curies":[{"name":"wp","href":"https:\/\/api.w.org\/{rel}","templated":true}]}}

Czy przeszczep włosów jest trwały?

<p><strong data-start="479" data-end="486">Tak</strong>, mieszki włosowe używane w zabiegu są zazwyczaj pobierane z tyłu głowy, obszaru genetycznie odpornego na wypadanie włosów. Po wszczepieniu włosy te będą rosnąć naturalnie i w większości przypadków pozostaną na całe życie. </p>

<p>Tak, mieszki włosowe używane w zabiegu są zazwyczaj pobierane z  [&#8230;]</p>
