{"id":4640,"date":"2025-07-28T04:47:27","date_gmt":"2025-07-28T01:47:27","guid":{"rendered":"https:\/\/rehaira.com\/faq-items\/kiedy-zaczne-zauwazac-wzrost-nowych-wlosow\/"},"modified":"2025-07-28T04:47:27","modified_gmt":"2025-07-28T01:47:27","slug":"kiedy-zaczne-zauwazac-wzrost-nowych-wlosow","status":"publish","type":"avada_faq","link":"https:\/\/rehaira.com\/pl\/faq-items\/kiedy-zaczne-zauwazac-wzrost-nowych-wlosow\/","title":{"rendered":"Kiedy zaczn\u0119 zauwa\u017ca\u0107 wzrost nowych w\u0142os\u00f3w?"},"content":{"rendered":"<p>W pierwszych tygodniach wyst\u0119puje pocz\u0105tkowe wypadanie w\u0142os\u00f3w, co jest normalnym zjawiskiem. Nowe w\u0142osy zazwyczaj zaczynaj\u0105 rosn\u0105\u0107 po 2-3 miesi\u0105cach, z widoczn\u0105 popraw\u0105 po 6 miesi\u0105cach, a pe\u0142ne rezultaty s\u0105 widoczne po 9-12 miesi\u0105cach. <\/p>\n","protected":false},"excerpt":{"rendered":"<p>W pierwszych tygodniach wyst\u0119puje pocz\u0105tkowe wypadanie w\u0142os\u00f3w, co jest normalnym  [&#8230;]<\/p>\n","protected":false},"author":1,"featured_media":0,"menu_order":0,"comment_status":"closed","ping_status":"closed","template":"","format":"standard","meta":{"_acf_changed":false,"footnotes":""},"faq_category":[251],"class_list":["post-4640","avada_faq","type-avada_faq","status-publish","format-standard","hentry","faq_category-polecane-na-stronie-glownej"],"acf":[],"_links":{"self":[{"href":"https:\/\/rehaira.com\/pl\/wp-json\/wp\/v2\/avada_faq\/4640","targetHints":{"allow":["GET"]}}],"collection":[{"href":"https:\/\/rehaira.com\/pl\/wp-json\/wp\/v2\/avada_faq"}],"about":[{"href":"https:\/\/rehaira.com\/pl\/wp-json\/wp\/v2\/types\/avada_faq"}],"author":[{"embeddable":true,"href":"https:\/\/rehaira.com\/pl\/wp-json\/wp\/v2\/users\/1"}],"replies":[{"embeddable":true,"href":"https:\/\/rehaira.com\/pl\/wp-json\/wp\/v2\/comments?post=4640"}],"version-history":[{"count":0,"href":"https:\/\/rehaira.com\/pl\/wp-json\/wp\/v2\/avada_faq\/4640\/revisions"}],"wp:attachment":[{"href":"https:\/\/rehaira.com\/pl\/wp-json\/wp\/v2\/media?parent=4640"}],"wp:term":[{"taxonomy":"faq_category","embeddable":true,"href":"https:\/\/rehaira.com\/pl\/wp-json\/wp\/v2\/faq_category?post=4640"}],"curies":[{"name":"wp","href":"https:\/\/api.w.org\/{rel}","templated":true}]}}

Kiedy zacznę zauważać wzrost nowych włosów?

<p>W pierwszych tygodniach występuje początkowe wypadanie włosów, co jest normalnym zjawiskiem. Nowe włosy zazwyczaj zaczynają rosnąć po 2-3 miesiącach, z widoczną poprawą po 6 miesiącach, a pełne rezultaty są widoczne po 9-12 miesiącach. </p>

<p>W pierwszych tygodniach występuje początkowe wypadanie włosów, co jest normalnym  [&#8230;]</p>
