{"id":4638,"date":"2025-07-28T04:47:27","date_gmt":"2025-07-28T01:47:27","guid":{"rendered":"https:\/\/rehaira.com\/faq-items\/cand-voi-incepe-sa-vad-cresterea-parului-nou\/"},"modified":"2025-07-28T04:47:27","modified_gmt":"2025-07-28T01:47:27","slug":"cand-voi-incepe-sa-vad-cresterea-parului-nou","status":"publish","type":"avada_faq","link":"https:\/\/rehaira.com\/ro\/faq-items\/cand-voi-incepe-sa-vad-cresterea-parului-nou\/","title":{"rendered":"C\u00e2nd voi \u00eencepe s\u0103 v\u0103d cre\u0219terea p\u0103rului nou?"},"content":{"rendered":"<p>C\u0103derea ini\u021bial\u0103 a p\u0103rului are loc \u00een primele s\u0103pt\u0103m\u00e2ni, ceea ce este normal. P\u0103rul nou \u00eencepe s\u0103 creasc\u0103, de obicei, dup\u0103 2 p\u00e2n\u0103 la 3 luni, cu o \u00eembun\u0103t\u0103\u021bire vizibil\u0103 la 6 luni \u0219i rezultate complete \u00een 9 p\u00e2n\u0103 la 12 luni. <\/p>\n","protected":false},"excerpt":{"rendered":"<p>C\u0103derea ini\u021bial\u0103 a p\u0103rului are loc \u00een primele s\u0103pt\u0103m\u00e2ni, ceea  [&#8230;]<\/p>\n","protected":false},"author":1,"featured_media":0,"menu_order":0,"comment_status":"closed","ping_status":"closed","template":"","format":"standard","meta":{"_acf_changed":false,"footnotes":""},"faq_category":[250],"class_list":["post-4638","avada_faq","type-avada_faq","status-publish","format-standard","hentry","faq_category-pagina-principala-prezentata"],"acf":[],"_links":{"self":[{"href":"https:\/\/rehaira.com\/ro\/wp-json\/wp\/v2\/avada_faq\/4638","targetHints":{"allow":["GET"]}}],"collection":[{"href":"https:\/\/rehaira.com\/ro\/wp-json\/wp\/v2\/avada_faq"}],"about":[{"href":"https:\/\/rehaira.com\/ro\/wp-json\/wp\/v2\/types\/avada_faq"}],"author":[{"embeddable":true,"href":"https:\/\/rehaira.com\/ro\/wp-json\/wp\/v2\/users\/1"}],"replies":[{"embeddable":true,"href":"https:\/\/rehaira.com\/ro\/wp-json\/wp\/v2\/comments?post=4638"}],"version-history":[{"count":0,"href":"https:\/\/rehaira.com\/ro\/wp-json\/wp\/v2\/avada_faq\/4638\/revisions"}],"wp:attachment":[{"href":"https:\/\/rehaira.com\/ro\/wp-json\/wp\/v2\/media?parent=4638"}],"wp:term":[{"taxonomy":"faq_category","embeddable":true,"href":"https:\/\/rehaira.com\/ro\/wp-json\/wp\/v2\/faq_category?post=4638"}],"curies":[{"name":"wp","href":"https:\/\/api.w.org\/{rel}","templated":true}]}}

Când voi începe să văd creșterea părului nou?

<p>Căderea inițială a părului are loc în primele săptămâni, ceea ce este normal. Părul nou începe să crească, de obicei, după 2 până la 3 luni, cu o îmbunătățire vizibilă la 6 luni și rezultate complete în 9 până la 12 luni. </p>

<p>Căderea inițială a părului are loc în primele săptămâni, ceea  [&#8230;]</p>
